092682 (base 10) to base 12.
447494a
-2123a (base 13) to base 11
-40949
3231102103 (base 4) to base 10
971923
What is -61ec93 (base 15) in base 16?
-470f43
Convert -865d (base 16) to base 6.
-423125
Convert -223213001 (base 5) to base 7.
-11300016
133121234 (base 5) to base 14
138736
-235525 (base 8) to base 2
-10011101101010101
What is 310011300 (base 4) in base 15?
43340
What is -201120212220 (base 3) in base 14?
-a071b
Convert -11321330030 (base 4) to base 2.
-101111001111100001100
Convert -41358 (base 16) to base 14.
-6d4a4
What is 12fa2e (base 16) in base 15?
19877e
20560564 (base 8) to base 3
22020200110202
Convert -58602 (base 9) to base 4.
-21203111
What is 10111111110012 (base 3) in base 2?
111000110000110101000
What is 20218466 (base 9) in base 10?
9696813
Convert 2c498 (base 13) to base 6.
1450115
6029b90 (base 12) to base 15
18a0c30
101121100020 (base 3) to base 5
23134433
Convert 5156235 (base 8) to base 5.
322222242
Convert 8050 (base 10) to base 13.
3883
Convert -136212 (base 8) to base 7.
-260501
What is -15064 (base 10) in base 2?
-11101011011000
What is -10020101202 (base 3) in base 16?
-f8e1
-1011011001001010111 (base 2) to base 16
-5b257
Convert -110300022132 (base 4) to base 11.
-30862a9
Convert 1011020122212 (base 3) to base 6.
21103205
62f1 (base 16) to base 12
127a9
Convert -300514224 (base 6) to base 9.
-10502367
49c152 (base 14) to base 15
34ea76
-130453102 (base 6) to base 14
-4a8166
What is -35c0c2 (base 13) in base 7?
-13623061
-1000010110101101111 (base 2) to base 11
-177767
101110111100011 (base 2) to base 16
5de3
Convert -61a5a (base 12) to base 4.
-133022212
What is 1366461 (base 9) in base 3?
1102020112001
What is -1000110011011111001 (base 2) in base 16?
-466f9
What is -5a09 (base 13) in base 15?
-3b59
457567 (base 8) to base 9
256280
1011111110011110001 (base 2) to base 11
248928
Convert -102033111 (base 4) to base 15.
-17209
21946 (base 16) to base 9
228604
Convert -33a09a (base 12) to base 2.
-11001001101011110110
What is 6233685 (base 9) in base 13?
8c7437
Convert 315201 (base 9) to base 15.
3a861
Convert -33103103 (base 4) to base 3.
-10011222022
What is -3103131120 (base 4) in base 11?
-541817
-6734829 (base 11) to base 3
-211012212010011
Convert 1430064 (base 7) to base 11.
121390
-100010001010000101 (base 2) to base 9
-232824
20f2c0 (base 16) to base 9
4050887
Convert 5636455 (base 8) to base 14.
2b904d
What is -6b5c05 (base 15) in base 8?
-23450641
Convert -583a6 (base 12) to base 10.
-118062
-44a36 (base 15) to base 12
-a63b9
-c7ed1 (base 15) to base 13
-192a36
What is -322eb (base 15) in base 13?
-57677
Convert 117974 (base 11) to base 10.
186179
-12322133131 (base 4) to base 16
-1ba7dd
Convert 2166525 (base 7) to base 16.
41a21
What is -699116 (base 11) in base 12?
-456580
Convert -2430045 (base 8) to base 14.
-13547b
What is 835a (base 14) in base 7?
122643
-211656 (base 7) to base 8
-107525
What is 40341a3 (base 11) in base 2?
11011001110000111101101
-1632053 (base 7) to base 10
-226418
What is -101010111010000110 (base 2) in base 10?
-175750
Convert -114756 (base 11) to base 9.
-306487
What is 260731 (base 14) in base 10?
1307559
What is -33102020220 (base 4) in base 2?
-1111010010001000101000
What is -5e5e2 (base 15) in base 9?
-508775
Convert 452146 (base 8) to base 6.
3134502
877a065 (base 11) to base 5
12421300323
-480880 (base 9) to base 3
-112200222200
What is 110603 (base 8) in base 11?
25a95
a13b (base 13) to base 15
6894
What is 161d5 (base 14) in base 15?
11593
-147a078 (base 11) to base 4
-21222010333
What is 16406706 (base 8) in base 15?
50245e
What is 96c38c (base 13) in base 3?
20122211221202
Convert -1255a6 (base 12) to base 5.
-34043130
-2133212102 (base 5) to base 2
-10001011111011100111101
11001111010010110 (base 2) to base 6
2135210
Convert -b2a97 (base 14) to base 6.
-13115245
11210212210 (base 3) to base 15
1d0c3
-1111220200022 (base 3) to base 6
-25132142
Convert a3dd1 (base 14) to base 5.
100120443
Convert 11420202 (base 5) to base 3.
12110112102
What is -202022201 (base 3) in base 9?
-22281
Convert -113310133 (base 4) to base 13.
-35542
190ab (base 16) to base 9
165627
What is 14846a (base 14) in base 3?
1100021212020
-11388436 (base 10) to base 6
-1044032124
Convert 1660303 (base 11) to base 14.
537cab
What is -3a155 (base 16) in base 2?
-111010000101010101
110101010110011010 (base 2) to base 16
3559a
1043677 (base 8) to base 3
112020210022
What is 54883 (base 14) in base 6?
4215511
What is 2d02d (base 14) in base 3?
12201101100
Convert 16213627 (base 8) to base 9.
7032443
1423332111 (base 5) to base 6
211541453
Convert 122815 (base 9) to base 15.
1702b
-e057c (base 15) to base 10
-709992
Convert -101111111011121 (base 3) to base 5.
-2412024030
Convert -704425 (base 11) to base 16.
-114a88
Convert -36023248 (base 9) to base 14.
-248cc68
Convert 3608432 (base 9) to base 16.
1dd3f2
151200245 (base 6) to base 8
13767745
Convert 102203322 (base 4) to base 11.
52135
-b84728 (base 15) to base 7
-134366645
Convert -45345774 (base 8) to base 16.
-95cbfc
What is 122001210122 (base 3) in base 13?
b9b94
What is -7363028 (base 10) in base 12?
-2571018
-112334443 (base 5) to base 11
-31a63a
Convert 131120 (base 10) to base 3.
20122212022
What is -124093 (base 10) in base 2?
-11110010010111101
Convert 1505503 (base 6) to base 13.
3067b
46ab51 (base 13) to base 7
20166136
1001100101010010101 (base 2) to base 4
1030222111
Convert -6481614 (base 10) to base 14.
-c0a166
-2011100022201 (base 3) to base 8
-4302772
What is 10010000000100110 (base 2) in base 13?
27764
Convert 100110101001100000101110 (base 2) to base 10.
10131502
Convert -44501454 (base 7) to base 5.
-1441140011
What is -47132a6 (base 11) in base 9?
-16436885
Convert 12211212012 (base 3) to base 15.
2416e
Convert 44502 (base 11) to base 12.
313a7
What is 2a6530 (base 12) in base 13?
1c0c74
Convert -988cb (base 13) to base 7.
-2230041
Convert 792a6 (base 11) to base 6.
2243332
What is -23320112103 (base 4) in base 2?
-1011111000010110010011
-401661 (base 8) to base 15
-291b2
What is -121202001021 (base 3) in base 2?
-1010000011101000110
What is 1012213300 (base 5) in base 14?
3bc449
-203210330310 (base 4) to base 2
-100011100100111100110100
What is 3334d (base 15) in base 11?
101303
Convert -b712b (base 16) to base 5.
-142443432
-117295 (base 10) to base 2
-11100101000101111
What is -13222322 (base 6) in base 10?
-438602
-123020133213 (base 4) to base 3
-111101100202120
-198a293 (base 11) to base 2
-1100110010010011111010
-26647 (base 13) to base 8
-213321
What is 5020422 (base 6) in base 16?
399fe
Convert -111001111100011000 (base 2) to base 7.
-2005641
-6892 (base 10) to base 11
-51a6
-122000200022 (base 3) to base 13
-b96b4
What is -2318963 (base 10) in base 8?
-10661163
What is 230240342 (base 5) in base 13?
29b3c7
220213 (base 5) to base 16
1d86
What is -1a9a0 (base 12) in base 13?
-14c43
Convert 200343214 (base 5) to base 4.
3001233113
Convert 2243445 (base 6) to base 9.
184512
Convert 10122122122020 (base 3) to base 7.
22335126
120112211021 (base 3) to base 6
10320524
Convert -45344 (base 16) to base 12.
-118058
-13abd7 (base 16) to base 9
-2374366
What is -12001010011100 (base 3) in base 14?
-4da54c
Convert 110011011110111100100001 (base 2) to base 7.
222500136
1202110122110 (base 3) to base 14
1a46d2
12203230110 (base 4) to base 9
3210086
211110001020 (base 3) to base 8
1536717
-48257 (base 9) to base 12
-1682a
Convert -11010100111011111 (base 2) to base 13.
-3a815
What is 7e7170 (base 15) in base 5?
3022021310
Convert -105400543 (base 6) to base 15.
-2860dc
Convert -10012002122102 (base 3) to base 10.
-1694666
What is 11100010010010010001100 (base 2) in base 15?
9b7034
What is -131133222 (base 4) in base 9?
-203643
Convert -199482 (base 10) to base 9.
-333566
Convert 1edea (base 15) to base 12.
4a564
957746 (base 10) to base 3
1210122210002
What is af11d (base 16) in base 14?
149485
What is -220b8 (base 16) in base 9?
-232252
Convert 121220001201 (base 3) to base 6.
11043114
22121111011002 (base 3) to base 11
264605a
Convert 4061a6 (base 12) to base 10.
1005966
-888557 (base 10) to base 16
-d8eed
Convert -38826a (base 14) to base 10.
-1943238
What is -670616 (base 12) in base 2?
-110010000001001110010
What is 1